base 4?
1100101
What is -43e (base 15) in base 3?
-1022112
-1988 (base 15) to base 9
-7522
Convert -152233 (base 6) to base 2.
-11100110111101
Convert 10324 (base 5) to base 12.
4b6
706 (base 10) to base 3
222011
What is 4472 (base 8) in base 14?
c0a
227 (base 14) to base 15
1d7
What is 4204 (base 9) in base 12?
194a
-55dc (base 14) to base 11
-10210
Convert -5121 (base 9) to base 8.
-7241
-201211 (base 3) to base 2
-1000010111
What is 671 (base 10) in base 15?
2eb
Convert 2244444 (base 5) to base 16.
9eb0
Convert -302 (base 13) to base 4.
-13331
-31313 (base 4) to base 8
-1567
What is 405b (base 15) in base 6?
142522
Convert 154343 (base 6) to base 8.
35627
-5065 (base 11) to base 3
-100020010
Convert 12030 (base 6) to base 8.
3322
2ba9 (base 13) to base 5
201032
Convert 25245 (base 6) to base 15.
11b8
What is -32751 (base 8) in base 3?
-200221011
What is 224 (base 12) in base 2?
100111100
b0 (base 15) to base 16
a5
What is 24a1 (base 14) in base 10?
6413
73a8 (base 14) to base 13
9102
2342 (base 16) to base 13
4154
Convert -10111000001011 (base 2) to base 13.
-5499
What is aab (base 16) in base 14?
dd1
What is 4445 (base 8) in base 6?
14501
40 (base 7) to base 9
31
What is -8371 (base 10) in base 16?
-20b3
What is 110115 (base 6) in base 15?
2a7e
What is -d16 (base 14) in base 2?
-101000001000
-100246 (base 7) to base 14
-625d
What is -30400 (base 6) in base 14?
-1680
-2524 (base 16) to base 14
-3672
Convert 10221101 (base 4) to base 6.
224025
Convert -196a (base 14) to base 4.
-1013322
What is -234 (base 13) in base 14?
-1d3
What is -31281 (base 9) in base 8?
-50247
What is 2d4 (base 15) in base 9?
801
Convert dd (base 15) to base 11.
17a
Convert 7273 (base 10) to base 4.
1301221
-3c9 (base 14) to base 2
-1011111101
Convert 257 (base 11) to base 15.
154
234 (base 7) to base 4
1323
-1238 (base 9) to base 6
-4142
What is 31203231 (base 4) in base 10?
55533
-22255 (base 6) to base 15
-ddb
What is 33580 (base 11) in base 13?
19182
-15d (base 16) to base 6
-1341
124a (base 12) to base 3
2211211
What is -1202330 (base 4) in base 11?
-4837
Convert 2020 (base 5) to base 4.
10010
121002210 (base 3) to base 13
5460
Convert -19003 (base 11) to base 8.
-63777
What is -107650 (base 8) in base 3?
-1212110002
What is 320224 (base 5) in base 3?
112122220
-1267 (base 8) to base 2
-1010110111
Convert -b014 (base 16) to base 12.
-22104
What is -14323 (base 6) in base 15?
-a23
What is 386 (base 9) in base 7?
636
-104324 (base 6) to base 5
-240024
What is -439 (base 12) in base 15?
-2b6
Convert -c276 (base 15) to base 12.
-1b919
-2009 (base 15) to base 14
-266b
-1205 (base 8) to base 16
-285
-379 (base 13) to base 10
-607
Convert -3b14 (base 12) to base 10.
-6784
What is 123141 (base 5) in base 11?
3670
What is -5911 (base 10) in base 4?
-1130113
2902 (base 14) to base 15
2239
1120011 (base 3) to base 7
3214
Convert -24a (base 14) to base 10.
-458
Convert 1100111 (base 2) to base 8.
147
7986 (base 13) to base 6
210430
What is 532202 (base 6) in base 8?
124412
Convert 4dc (base 16) to base 11.
a31
What is 21 (base 6) in base 2?
1101
-116 (base 7) to base 15
-42
401 (base 9) to base 11
276
-132230 (base 4) to base 15
-8ae
-36301 (base 7) to base 13
-438a
101121 (base 3) to base 8
436
-5960 (base 15) to base 7
-106236
Convert -86340 (base 10) to base 9.
-141383
251 (base 6) to base 5
403
1111000110101 (base 2) to base 5
221413
Convert 24480 (base 9) to base 4.
10000302
What is 12012202 (base 4) in base 9?
37251
115b (base 14) to base 15
d66
24815 (base 10) to base 15
7545
Convert -1840 (base 12) to base 16.
-b70
What is 7a61 (base 13) in base 15?
5133
What is 5cf (base 16) in base 11?
1132
6413 (base 9) to base 2
1001001100110
54415 (base 7) to base 16
3511
-416 (base 8) to base 14
-154
Convert 13133133 (base 4) to base 3.
1120002120
Convert -1975 (base 10) to base 14.
-a11
What is -10110000 (base 2) in base 14?
-c8
Convert -10001110111110 (base 2) to base 7.
-35451
-1d3d (base 14) to base 2
-1010011100011
Convert 20 (base 10) to base 8.
24
Convert 148b (base 14) to base 12.
2143
-e0 (base 15) to base 16
-d2
What is -d46 (base 16) in base 4?
-311012
What is 6316 (base 11) in base 8?
20256
What is -1021431 (base 5) in base 9?
-25427
What is 1002202 (base 3) in base 5?
11203
564 (base 7) to base 9
353
Convert 1560 (base 11) to base 13.
bb0
Convert 57351 (base 9) to base 6.
452501
-45423 (base 8) to base 11
-13492
What is -74 (base 10) in base 9?
-82
Convert 2916 (base 10) to base 5.
43131
What is 1100302 (base 4) in base 7?
21034
Convert 8773 (base 9) to base 10.
6465
Convert 253 (base 12) to base 10.
351
-128 (base 10) to base 9
-152
1a4a4 (base 11) to base 8
67605
What is -52566 (base 8) in base 16?
-5576
What is -7db (base 16) in base 5?
-31021
Convert 3221 (base 5) to base 14.
232
Convert 20331 (base 5) to base 3.
1211200
54684 (base 11) to base 10
79347
What is 17b (base 15) in base 16?
155
Convert -390 (base 14) to base 13.
-42c
What is 10010 (base 6) in base 10?
1302
Convert 2b6 (base 16) to base 5.
10234
3831 (base 9) to base 11
2173
What is 2347 (base 16) in base 12?
5287
What is -55 (base 14) in base 4?
-1023
What is 2460 (base 12) in base 14?
16d2
Convert -1205 (base 12) to base 6.
-13205
242643 (base 7) to base 9
66603
What is 1100000010 (base 2) in base 14?
3d0
-134104 (base 6) to base 12
-7334
What is -501 (base 13) in base 6?
-3530
Convert 1103230 (base 4) to base 12.
3124
What is -1019 (base 10) in base 4?
-33323
What is 546 (base 11) in base 9?
807
What is 6777 (base 10) in base 5?
204102
23d (base 16) to base 2
1000111101
Convert -1330330 (base 4) to base 10.
-7996
18653 (base 10) to base 3
221120212
Convert -c0 (base 15) to base 8.
-264
What is -280 (base 11) in base 6?
-1310
Convert 1330 (base 5) to base 2.
11010111
Convert 3456 (base 9) to base 3.
10111220
-5921 (base 14) to base 5
-444023
What is 1110111110101 (base 2) in base 11?
5842
-8281 (base 9) to base 6
-44031
11706 (base 16) to base 6
1310410
Convert -113a9 (base 11) to base 16.
-4046
-11412 (base 11) to base 14
-6005
Convert 12db (base 15) to base 2.
111110111111
Convert -3547 (base 8) to base 14.
-995
What is 20081 (base 9) in base 11?
9a06
404 (base 14) to base 4
30110
Convert -11010001011 (base 2) to base 11.
-1293
What is 55413 (base 9) in base 5?
2134121
203320 (base 4) to base 14
ba0
-915c (base 15) to base 4
-13133133
Convert 167 (base 14) to base 16.
11f
What is -1100201 (base 3) in base 5?
-12431
-1010110202 (base 3) to base 7
-121523
What is -52201 (base 9) in base 15?
-a301
Convert -552 (base 11) to base 14.
-354
Convert 10244 (base 6) to base 12.
984
Convert -1032031 (base 5) to base 6.
-214130
Convert -31491 (base 11) to base 14.
-129c2
7a2 (base 11) to base 13
58a
-776 (base 11) to base 16
-3a2
-3d6 (base 14) to base 6
-3332
Convert -220472 (base 8) to base 10.
-74042
What is -212000 (base 4) in base 5?
-34212
11133 (base 5) to base 10
793
Convert -1300121 (base 4) to base 6.
-53145
Convert -4331 (base 7) to base 12.
-a85
Convert 5676 (base 8) to base 9.
4110
Convert 57d (base 16) to base 14.
725
What is 32200 (base 5) in base 2?
100001111111
-348 (base 10) to base 14
-1ac
What is -1014 (base 10) in base 9?
-1346
1194 (base 16) to base 8
10624
-13b1 (base 12) to base 10
-2293
What is 10000101011001 (base 2) in base 13?
3b69
21317 (base 11) to base 15
92b4
Convert -47c (base 15) to base 6.
-4413
5170 (base 14) to base 6
144514
Convert 133553 (base 6) to base 7.
51342
200311 (base 6) to base 12
9097
-26ba2 (base 12) to base 11
-37259
21634 (base 10) to base 15
6624
What is -350 (base 10) in base 5?
-2400
Convert -ca8 (base 15) to base 7.
-11222
-33633 (base 7) to base 9
-12650
6302 (base 8) to base 16
cc2
Convert 11eb (base 15) to base 4.
323231
-194 (base 10) to base 2
-11000010
Convert 324 (base 8) to base 16.
d4
Convert -42131 (base 7) to base 12.
-5bb5
-222120222 (base 3) to base 4
-10232321
19403 (base 10) to base 5
1110103
-2d3 (base 15) to base 2
-1010001000
Convert -96 (base 16) to base 15.
-a0
What is 2211 (base 3) in base 8?
114
Convert -1103213 (base 4) to base 3.
-21100012
What is 7635 (base 8) in base 13?
1a86
What is 25244 (base 7) in base 16?
19f7
Convert 10110100000 (base 2) to base 10.
1440
Convert 1011001000010 (base 2) to base 6.
42214
What is -19175